{"id":682,"date":"2018-02-02T21:47:02","date_gmt":"2018-02-02T18:47:02","guid":{"rendered":"https:\/\/vilniauspetropovilo.lt\/wp-content\/uploads\/2018\/02\/skelb.jpg"},"modified":"2018-02-02T21:47:02","modified_gmt":"2018-02-02T18:47:02","slug":"skelb","status":"inherit","type":"attachment","link":"https:\/\/vilniauspetropovilo.lt\/en\/vakarai-su-sv-petru-ir-povilu\/skelb\/","title":{"rendered":"skelb"},"author":2,"featured_media":0,"comment_status":"open","ping_status":"closed","template":"","meta":[],"class_list":["post-682","attachment","type-attachment","status-inherit","hentry"],"yoast_head":"<!-- This site is optimized with the Yoast SEO plugin v27.3 - https:\/\/yoast.com\/product\/yoast-seo-wordpress\/ -->\n<title>skelb - Vilniaus \u0160v. apa\u0161tal\u0173 Petro ir Povilo ba\u017eny\u010dia<\/title>\n<meta name=\"robots\" content=\"index, follow, max-snippet:-1, max-image-preview:large, max-video-preview:-1\" \/>\n<link rel=\"canonical\" href=\"https:\/\/vilniauspetropovilo.lt\/wp-content\/uploads\/2018\/02\/skelb.jpg\" \/>\n<meta property=\"og:locale\" content=\"en_US\" \/>\n<meta property=\"og:type\" content=\"article\" \/>\n<meta property=\"og:title\" content=\"skelb - Vilniaus \u0160v. apa\u0161tal\u0173 Petro ir Povilo ba\u017eny\u010dia\" \/>\n<meta property=\"og:url\" content=\"https:\/\/vilniauspetropovilo.lt\/wp-content\/uploads\/2018\/02\/skelb.jpg\" \/>\n<meta property=\"og:site_name\" content=\"Vilniaus \u0160v. apa\u0161tal\u0173 Petro ir Povilo ba\u017eny\u010dia\" \/>\n<meta property=\"og:image\" content=\"https:\/\/vilniauspetropovilo.lt\/wp-content\/uploads\/2018\/02\/skelb.jpg\" \/>\n\t<meta property=\"og:image:width\" content=\"982\" \/>\n\t<meta property=\"og:image:height\" content=\"697\" \/>\n\t<meta property=\"og:image:type\" content=\"image\/jpeg\" \/>\n<meta name=\"twitter:card\" content=\"summary_large_image\" \/>\n<script type=\"application\/ld+json\" class=\"yoast-schema-graph\">{\"@context\":\"https:\\\/\\\/schema.org\",\"@graph\":[{\"@type\":\"WebPage\",\"@id\":\"https:\\\/\\\/vilniauspetropovilo.lt\\\/wp-content\\\/uploads\\\/2018\\\/02\\\/skelb.jpg\",\"url\":\"https:\\\/\\\/vilniauspetropovilo.lt\\\/wp-content\\\/uploads\\\/2018\\\/02\\\/skelb.jpg\",\"name\":\"skelb - Vilniaus \u0160v. apa\u0161tal\u0173 Petro ir Povilo ba\u017eny\u010dia\",\"isPartOf\":{\"@id\":\"https:\\\/\\\/vilniauspetropovilo.lt\\\/#website\"},\"datePublished\":\"2018-02-02T18:47:02+00:00\",\"breadcrumb\":{\"@id\":\"https:\\\/\\\/vilniauspetropovilo.lt\\\/wp-content\\\/uploads\\\/2018\\\/02\\\/skelb.jpg#breadcrumb\"},\"inLanguage\":\"en-US\",\"potentialAction\":[{\"@type\":\"ReadAction\",\"target\":[\"https:\\\/\\\/vilniauspetropovilo.lt\\\/wp-content\\\/uploads\\\/2018\\\/02\\\/skelb.jpg\"]}]},{\"@type\":\"BreadcrumbList\",\"@id\":\"https:\\\/\\\/vilniauspetropovilo.lt\\\/wp-content\\\/uploads\\\/2018\\\/02\\\/skelb.jpg#breadcrumb\",\"itemListElement\":[{\"@type\":\"ListItem\",\"position\":1,\"name\":\"Home\",\"item\":\"https:\\\/\\\/vilniauspetropovilo.lt\\\/\"},{\"@type\":\"ListItem\",\"position\":2,\"name\":\"Vakarai su \u0161v. Petru ir Povilu\",\"item\":\"https:\\\/\\\/vilniauspetropovilo.lt\\\/vakarai-su-sv-petru-ir-povilu\\\/\"},{\"@type\":\"ListItem\",\"position\":3,\"name\":\"skelb\"}]},{\"@type\":\"WebSite\",\"@id\":\"https:\\\/\\\/vilniauspetropovilo.lt\\\/#website\",\"url\":\"https:\\\/\\\/vilniauspetropovilo.lt\\\/\",\"name\":\"Vilniaus \u0160v. apa\u0161tal\u0173 Petro ir Povilo ba\u017eny\u010dia\",\"description\":\"(Lietuvi\u0173) Vilniaus \u0160v. apa\u0161tal\u0173 Petro ir Povilo ba\u017eny\u010dia\",\"potentialAction\":[{\"@type\":\"SearchAction\",\"target\":{\"@type\":\"EntryPoint\",\"urlTemplate\":\"https:\\\/\\\/vilniauspetropovilo.lt\\\/?s={search_term_string}\"},\"query-input\":{\"@type\":\"PropertyValueSpecification\",\"valueRequired\":true,\"valueName\":\"search_term_string\"}}],\"inLanguage\":\"en-US\"}]}<\/script>\n<!-- \/ Yoast SEO plugin. -->","yoast_head_json":{"title":"skelb - Vilniaus \u0160v. apa\u0161tal\u0173 Petro ir Povilo ba\u017eny\u010dia","robots":{"index":"index","follow":"follow","max-snippet":"max-snippet:-1","max-image-preview":"max-image-preview:large","max-video-preview":"max-video-preview:-1"},"canonical":"https:\/\/vilniauspetropovilo.lt\/wp-content\/uploads\/2018\/02\/skelb.jpg","og_locale":"en_US","og_type":"article","og_title":"skelb - Vilniaus \u0160v. apa\u0161tal\u0173 Petro ir Povilo ba\u017eny\u010dia","og_url":"https:\/\/vilniauspetropovilo.lt\/wp-content\/uploads\/2018\/02\/skelb.jpg","og_site_name":"Vilniaus \u0160v. apa\u0161tal\u0173 Petro ir Povilo ba\u017eny\u010dia","og_image":[{"width":982,"height":697,"url":"https:\/\/vilniauspetropovilo.lt\/wp-content\/uploads\/2018\/02\/skelb.jpg","type":"image\/jpeg"}],"twitter_card":"summary_large_image","schema":{"@context":"https:\/\/schema.org","@graph":[{"@type":"WebPage","@id":"https:\/\/vilniauspetropovilo.lt\/wp-content\/uploads\/2018\/02\/skelb.jpg","url":"https:\/\/vilniauspetropovilo.lt\/wp-content\/uploads\/2018\/02\/skelb.jpg","name":"skelb - Vilniaus \u0160v. apa\u0161tal\u0173 Petro ir Povilo ba\u017eny\u010dia","isPartOf":{"@id":"https:\/\/vilniauspetropovilo.lt\/#website"},"datePublished":"2018-02-02T18:47:02+00:00","breadcrumb":{"@id":"https:\/\/vilniauspetropovilo.lt\/wp-content\/uploads\/2018\/02\/skelb.jpg#breadcrumb"},"inLanguage":"en-US","potentialAction":[{"@type":"ReadAction","target":["https:\/\/vilniauspetropovilo.lt\/wp-content\/uploads\/2018\/02\/skelb.jpg"]}]},{"@type":"BreadcrumbList","@id":"https:\/\/vilniauspetropovilo.lt\/wp-content\/uploads\/2018\/02\/skelb.jpg#breadcrumb","itemListElement":[{"@type":"ListItem","position":1,"name":"Home","item":"https:\/\/vilniauspetropovilo.lt\/"},{"@type":"ListItem","position":2,"name":"Vakarai su \u0161v. Petru ir Povilu","item":"https:\/\/vilniauspetropovilo.lt\/vakarai-su-sv-petru-ir-povilu\/"},{"@type":"ListItem","position":3,"name":"skelb"}]},{"@type":"WebSite","@id":"https:\/\/vilniauspetropovilo.lt\/#website","url":"https:\/\/vilniauspetropovilo.lt\/","name":"Vilniaus \u0160v. apa\u0161tal\u0173 Petro ir Povilo ba\u017eny\u010dia","description":"(Lietuvi\u0173) Vilniaus \u0160v. apa\u0161tal\u0173 Petro ir Povilo ba\u017eny\u010dia","potentialAction":[{"@type":"SearchAction","target":{"@type":"EntryPoint","urlTemplate":"https:\/\/vilniauspetropovilo.lt\/?s={search_term_string}"},"query-input":{"@type":"PropertyValueSpecification","valueRequired":true,"valueName":"search_term_string"}}],"inLanguage":"en-US"}]}},"description":{"rendered":"<p class=\"attachment\"><a href='https:\/\/vilniauspetropovilo.lt\/wp-content\/uploads\/2018\/02\/skelb.jpg'><img loading=\"lazy\" decoding=\"async\" width=\"300\" height=\"213\" src=\"https:\/\/vilniauspetropovilo.lt\/wp-content\/uploads\/2018\/02\/skelb-300x213.jpg\" class=\"attachment-medium size-medium\" alt=\"\" srcset=\"https:\/\/vilniauspetropovilo.lt\/wp-content\/uploads\/2018\/02\/skelb-300x213.jpg 300w, https:\/\/vilniauspetropovilo.lt\/wp-content\/uploads\/2018\/02\/skelb-768x545.jpg 768w, https:\/\/vilniauspetropovilo.lt\/wp-content\/uploads\/2018\/02\/skelb-141x100.jpg 141w, https:\/\/vilniauspetropovilo.lt\/wp-content\/uploads\/2018\/02\/skelb.jpg 982w\" sizes=\"auto, (max-width: 300px) 100vw, 300px\" \/><\/a><\/p>\n"},"caption":{"rendered":""},"alt_text":"","media_type":"image","mime_type":"image\/jpeg","media_details":{"width":982,"height":697,"file":"2018\/02\/skelb.jpg","sizes":{"thumbnail":{"file":"skelb-150x150.jpg","width":150,"height":150,"mime_type":"image\/jpeg","source_url":"https:\/\/vilniauspetropovilo.lt\/wp-content\/uploads\/2018\/02\/skelb-150x150.jpg"},"medium":{"file":"skelb-300x213.jpg","width":300,"height":213,"mime_type":"image\/jpeg","source_url":"https:\/\/vilniauspetropovilo.lt\/wp-content\/uploads\/2018\/02\/skelb-300x213.jpg"},"medium_large":{"file":"skelb-768x545.jpg","width":768,"height":545,"mime_type":"image\/jpeg","source_url":"https:\/\/vilniauspetropovilo.lt\/wp-content\/uploads\/2018\/02\/skelb-768x545.jpg"},"news-img":{"file":"skelb-720x460.jpg","width":720,"height":460,"mime_type":"image\/jpeg","source_url":"https:\/\/vilniauspetropovilo.lt\/wp-content\/uploads\/2018\/02\/skelb-720x460.jpg"},"about-img":{"file":"skelb-781x690.jpg","width":781,"height":690,"mime_type":"image\/jpeg","source_url":"https:\/\/vilniauspetropovilo.lt\/wp-content\/uploads\/2018\/02\/skelb-781x690.jpg"},"gallery":{"file":"skelb-141x100.jpg","width":141,"height":100,"mime_type":"image\/jpeg","source_url":"https:\/\/vilniauspetropovilo.lt\/wp-content\/uploads\/2018\/02\/skelb-141x100.jpg"},"apie-img":{"file":"skelb-982x335.jpg","width":982,"height":335,"mime_type":"image\/jpeg","source_url":"https:\/\/vilniauspetropovilo.lt\/wp-content\/uploads\/2018\/02\/skelb-982x335.jpg"},"gallery_inner":{"file":"skelb-720x460.jpg","width":720,"height":460,"mime_type":"image\/jpeg","source_url":"https:\/\/vilniauspetropovilo.lt\/wp-content\/uploads\/2018\/02\/skelb-720x460.jpg"},"full":{"file":"skelb.jpg","width":982,"height":697,"mime_type":"image\/jpeg","source_url":"https:\/\/vilniauspetropovilo.lt\/wp-content\/uploads\/2018\/02\/skelb.jpg"}},"image_meta":{"aperture":"0","credit":"","camera":"","caption":"","created_timestamp":"0","copyright":"","focal_length":"0","iso":"0","shutter_speed":"0","title":"","orientation":"0","keywords":[]}},"post":678,"source_url":"https:\/\/vilniauspetropovilo.lt\/wp-content\/uploads\/2018\/02\/skelb.jpg","_links":{"self":[{"href":"https:\/\/vilniauspetropovilo.lt\/en\/wp-json\/wp\/v2\/media\/682","targetHints":{"allow":["GET"]}}],"collection":[{"href":"https:\/\/vilniauspetropovilo.lt\/en\/wp-json\/wp\/v2\/media"}],"about":[{"href":"https:\/\/vilniauspetropovilo.lt\/en\/wp-json\/wp\/v2\/types\/attachment"}],"author":[{"embeddable":true,"href":"https:\/\/vilniauspetropovilo.lt\/en\/wp-json\/wp\/v2\/users\/2"}],"replies":[{"embeddable":true,"href":"https:\/\/vilniauspetropovilo.lt\/en\/wp-json\/wp\/v2\/comments?post=682"}],"wp:attached-to":[{"embeddable":true,"post_type":"post","id":678,"href":"https:\/\/vilniauspetropovilo.lt\/en\/wp-json\/wp\/v2\/posts\/678"}],"curies":[{"name":"wp","href":"https:\/\/api.w.org\/{rel}","templated":true}]}}

<!-- This site is optimized with the Yoast SEO plugin v27.3 - https://yoast.com/product/yoast-seo-wordpress/ -->
<title>skelb - Vilniaus Šv. apaštalų Petro ir Povilo bažnyčia</title>
<meta name="robots" content="index, follow, max-snippet:-1, max-image-preview:large, max-video-preview:-1" />
<link rel="canonical" href="https://vilniauspetropovilo.lt/wp-content/uploads/2018/02/skelb.jpg" />
<meta property="og:locale" content="en_US" />
<meta property="og:type" content="article" />
<meta property="og:title" content="skelb - Vilniaus Šv. apaštalų Petro ir Povilo bažnyčia" />
<meta property="og:url" content="https://vilniauspetropovilo.lt/wp-content/uploads/2018/02/skelb.jpg" />
<meta property="og:site_name" content="Vilniaus Šv. apaštalų Petro ir Povilo bažnyčia" />
<meta property="og:image" content="https://vilniauspetropovilo.lt/wp-content/uploads/2018/02/skelb.jpg" />
	<meta property="og:image:width" content="982" />
	<meta property="og:image:height" content="697" />
	<meta property="og:image:type" content="image/jpeg" />
<meta name="twitter:card" content="summary_large_image" />
<script type="application/ld+json" class="yoast-schema-graph">{"@context":"https:\/\/schema.org","@graph":[{"@type":"WebPage","@id":"https:\/\/vilniauspetropovilo.lt\/wp-content\/uploads\/2018\/02\/skelb.jpg","url":"https:\/\/vilniauspetropovilo.lt\/wp-content\/uploads\/2018\/02\/skelb.jpg","name":"skelb - Vilniaus Šv. apaštalų Petro ir Povilo bažnyčia","isPartOf":{"@id":"https:\/\/vilniauspetropovilo.lt\/#website"},"datePublished":"2018-02-02T18:47:02+00:00","breadcrumb":{"@id":"https:\/\/vilniauspetropovilo.lt\/wp-content\/uploads\/2018\/02\/skelb.jpg#breadcrumb"},"inLanguage":"en-US","potentialAction":[{"@type":"ReadAction","target":["https:\/\/vilniauspetropovilo.lt\/wp-content\/uploads\/2018\/02\/skelb.jpg"]}]},{"@type":"BreadcrumbList","@id":"https:\/\/vilniauspetropovilo.lt\/wp-content\/uploads\/2018\/02\/skelb.jpg#breadcrumb","itemListElement":[{"@type":"ListItem","position":1,"name":"Home","item":"https:\/\/vilniauspetropovilo.lt\/"},{"@type":"ListItem","position":2,"name":"Vakarai su šv. Petru ir Povilu","item":"https:\/\/vilniauspetropovilo.lt\/vakarai-su-sv-petru-ir-povilu\/"},{"@type":"ListItem","position":3,"name":"skelb"}]},{"@type":"WebSite","@id":"https:\/\/vilniauspetropovilo.lt\/#website","url":"https:\/\/vilniauspetropovilo.lt\/","name":"Vilniaus Šv. apaštalų Petro ir Povilo bažnyčia","description":"(Lietuvių) Vilniaus Šv. apaštalų Petro ir Povilo bažnyčia","potentialAction":[{"@type":"SearchAction","target":{"@type":"EntryPoint","urlTemplate":"https:\/\/vilniauspetropovilo.lt\/?s={search_term_string}"},"query-input":{"@type":"PropertyValueSpecification","valueRequired":true,"valueName":"search_term_string"}}],"inLanguage":"en-US"}]}</script>
<!-- / Yoast SEO plugin. -->

skelb - Vilniaus Šv. apaštalų Petro ir Povilo bažnyčia

Vilniaus Šv. apaštalų Petro ir Povilo bažnyčia

Vakarai su šv. Petru ir Povilu

(Lietuvių) Vilniaus Šv. apaštalų Petro ir Povilo bažnyčia
